{"id":1602,"date":"2022-04-14T14:25:41","date_gmt":"2022-04-14T13:25:41","guid":{"rendered":"http:\/\/activattitude.fr\/?page_id=1602"},"modified":"2022-09-03T15:02:07","modified_gmt":"2022-09-03T14:02:07","slug":"coaching-reel","status":"publish","type":"page","link":"https:\/\/activattitude.fr\/?page_id=1602","title":{"rendered":"Coaching r\u00e9el"},"content":{"rendered":"\n<div class=\"wp-block-cover is-light\"><span aria-hidden=\"true\" class=\"wp-block-cover__background has-background-dim-0 has-background-dim\"><\/span><img loading=\"lazy\" decoding=\"async\" width=\"2560\" height=\"1707\" class=\"wp-block-cover__image-background wp-image-1605\" alt=\"\" src=\"http:\/\/activattitude.fr\/wp-content\/uploads\/2022\/04\/ServiceCochingReel20220414_banniere-scaled.jpg\" data-object-fit=\"cover\" srcset=\"https:\/\/activattitude.fr\/wp-content\/uploads\/2022\/04\/ServiceCochingReel20220414_banniere-scaled.jpg 2560w, https:\/\/activattitude.fr\/wp-content\/uploads\/2022\/04\/ServiceCochingReel20220414_banniere-300x200.jpg 300w, https:\/\/activattitude.fr\/wp-content\/uploads\/2022\/04\/ServiceCochingReel20220414_banniere-1024x683.jpg 1024w, https:\/\/activattitude.fr\/wp-content\/uploads\/2022\/04\/ServiceCochingReel20220414_banniere-768x512.jpg 768w, https:\/\/activattitude.fr\/wp-content\/uploads\/2022\/04\/ServiceCochingReel20220414_banniere-1536x1024.jpg 1536w, https:\/\/activattitude.fr\/wp-content\/uploads\/2022\/04\/ServiceCochingReel20220414_banniere-2048x1365.jpg 2048w\" sizes=\"auto, (max-width: 2560px) 100vw, 2560px\" \/><div class=\"wp-block-cover__inner-container is-layout-flow wp-block-cover-is-layout-flow\">\n<h1 class=\"has-ast-global-color-5-color has-text-color wp-block-heading\"><strong>Coaching r\u00e9el<\/strong><\/h1>\n<\/div><\/div>\n\n\n\n<div class=\"wp-block-group alignfull has-background\" style=\"background-color:#171717\"><div class=\"wp-block-group__inner-container is-layout-constrained wp-block-group-is-layout-constrained\">\n<hr class=\"wp-block-separator has-css-opacity is-style-wide\"\/>\n\n\n\n<h3 class=\"has-ast-global-color-5-color has-text-color wp-block-heading\"><strong>Comment \u00e7a marche?<\/strong><\/h3>\n\n\n\n<p class=\"has-ast-global-color-5-color has-text-color\" style=\"font-size:15px\">Si vous \u00eates d\u00e9j\u00e0 adh\u00e9rent \u00e0 Activ Attitude, vous n\u2019avez qu\u2019\u00e0 vous connecter pour avoir acc\u00e8s \u00e0 <strong>l\u2019agenda<\/strong> et voir les disponibilit\u00e9s. Si non, il vous suffira de <strong>vous inscrire<\/strong>  pour y avoir acc\u00e8s.<\/p>\n\n\n\n<p class=\"has-ast-global-color-5-color has-text-color\" style=\"font-size:15px\">Une fois la formule s\u00e9lectionn\u00e9e et le paiement effectu\u00e9, votre compte sera cr\u00e9dit\u00e9 de ces heures et vous aurez un an pour les dispatcher comme bon vous semble.&nbsp;<\/p>\n\n\n\n<p class=\"has-ast-global-color-5-color has-text-color\" style=\"font-size:15px\">Il est aussi possible de voir directement avec votre coach via appel t\u00e9l\u00e9phonique pour une planification.<\/p>\n\n\n\n<p class=\"has-ast-global-color-5-color has-text-color\" style=\"font-size:15px\">Vous recevrez, d\u00e8s votre adh\u00e9sion \u00e0 un coaching physique, un questionnaire sur vous, vos habitudes de vie et vos qualit\u00e9s physiques, qui permettra un travail en amont pour ne pas perdre une minute lors de la premi\u00e8re s\u00e9ance.&nbsp;<\/p>\n\n\n\n<p class=\"has-ast-global-color-5-color has-text-color\" style=\"font-size:15px\">Si tout n\u2019est pas clair ou que votre coach a des questions compl\u00e9mentaires \u00e0 vous poser, notamment au niveau de l\u2019organisation de la premi\u00e8re rencontre, il sera tout \u00e0 fait possible de passer un appel t\u00e9l\u00e9phonique.&nbsp;<\/p>\n\n\n\n<p><\/p>\n\n\n\n<div class=\"wp-block-columns alignwide is-layout-flex wp-container-core-columns-is-layout-9d6595d7 wp-block-columns-is-layout-flex\">\n<div class=\"wp-block-column is-layout-flow wp-block-column-is-layout-flow\">\n<div class=\"wp-block-group\"><div class=\"wp-block-group__inner-container is-layout-constrained wp-block-group-is-layout-constrained\">\n<h3 class=\"has-text-align-center has-text-color wp-block-heading\" style=\"color:#ffffff\">En quoi \u00e7a consiste?<\/h3>\n\n\n\n<p class=\"has-drop-cap has-text-align-left has-ast-global-color-5-color has-text-color\" style=\"font-size:15px\">Le  coaching physique permet d\u2019\u00eatre accompagn\u00e9 dans son projet sportif\/de remise en forme. Le coach est l\u00e0 pour corriger, encourager, conseiller. Le but du coaching physique est que l\u2019\u00e9l\u00e8ve puisse prendre son envol \u00e0 un moment donn\u00e9. \u00c0 force de r\u00e9p\u00e9tition et de motivation accompagn\u00e9e, il trouvera l\u2019envie et la motivation seul. (Dans le cas o\u00f9 vous adorez beaucoup trop travailler avec votre coach, un abonnement \u00e0 vie est souscrivable \ud83d\ude42 )<\/p>\n\n\n\n<p class=\"has-ast-global-color-5-color has-text-color\" style=\"font-size:15px\">Musculation, pr\u00e9paration physique, cardio, running, boxe, les possibilit\u00e9s sont infinies, mais surtout d\u00e9finies par vos envies et vos besoins!&nbsp;<\/p>\n\n\n\n<p class=\"has-ast-global-color-5-color has-text-color\" style=\"font-size:15px\">Par exemple, il n\u2019est pas possible de r\u00e9volutionner le monde de la course \u00e0 pieds en une heure, mais il est possible d\u2019apprendre les fondamentaux et surtout d\u2019\u00eatre accompagn\u00e9 pour les premi\u00e8res sorties, et \u00e9liminer les mauvaises habitudes!&nbsp;<\/p>\n\n\n\n<hr class=\"wp-block-separator has-css-opacity\"\/>\n\n\n\n<figure class=\"wp-block-image size-large\"><img loading=\"lazy\" decoding=\"async\" width=\"576\" height=\"1024\" src=\"http:\/\/activattitude.fr\/wp-content\/uploads\/2022\/04\/ServiceCochingrelle20220414_blocCommentMarche-576x1024.jpg\" alt=\"\" class=\"wp-image-1639\" srcset=\"https:\/\/activattitude.fr\/wp-content\/uploads\/2022\/04\/ServiceCochingrelle20220414_blocCommentMarche-576x1024.jpg 576w, https:\/\/activattitude.fr\/wp-content\/uploads\/2022\/04\/ServiceCochingrelle20220414_blocCommentMarche-169x300.jpg 169w, https:\/\/activattitude.fr\/wp-content\/uploads\/2022\/04\/ServiceCochingrelle20220414_blocCommentMarche-768x1365.jpg 768w, https:\/\/activattitude.fr\/wp-content\/uploads\/2022\/04\/ServiceCochingrelle20220414_blocCommentMarche-864x1536.jpg 864w, https:\/\/activattitude.fr\/wp-content\/uploads\/2022\/04\/ServiceCochingrelle20220414_blocCommentMarche-1152x2048.jpg 1152w, https:\/\/activattitude.fr\/wp-content\/uploads\/2022\/04\/ServiceCochingrelle20220414_blocCommentMarche-scaled.jpg 1440w\" sizes=\"auto, (max-width: 576px) 100vw, 576px\" \/><\/figure>\n<\/div><\/div>\n<\/div>\n\n\n\n<div class=\"wp-block-column is-layout-flow wp-block-column-is-layout-flow\">\n<div class=\"wp-block-group\"><div class=\"wp-block-group__inner-container is-layout-constrained wp-block-group-is-layout-constrained\">\n<h3 class=\"has-text-align-center has-text-color wp-block-heading\" style=\"color:#ffffff\">De quoi avez vous besoin?<\/h3>\n\n\n\n<p class=\"has-drop-cap has-ast-global-color-5-color has-text-color\" style=\"font-size:15px\">Du mat\u00e9riel adapt\u00e9 \u00e0 la pratique sur laquelle vous vous serez au pr\u00e9alablement mis d\u2019accord avec votre coach avant la rencontre.<\/p>\n\n\n\n<p class=\"has-ast-global-color-5-color has-text-color\" style=\"font-size:15px\">Bien souvent, dans le cadre d\u2019un coaching musculation ou pr\u00e9paration physique, une bouteille d\u2019eau ainsi qu\u2019une serviette suffiront.&nbsp;<\/p>\n\n\n\n<p class=\"has-ast-global-color-5-color has-text-color\" style=\"font-size:15px\">Tout le mat\u00e9riel n\u00e9cessaire \u00e0 la pratique est fourni par votre coach.<\/p>\n\n\n\n<hr class=\"wp-block-separator has-css-opacity\"\/>\n\n\n\n<figure class=\"wp-block-image size-large\"><img loading=\"lazy\" decoding=\"async\" width=\"1024\" height=\"683\" src=\"http:\/\/activattitude.fr\/wp-content\/uploads\/2022\/04\/ServiceCochingrelle20220414_blocBesoin-1024x683.jpg\" alt=\"\" class=\"wp-image-1642\" srcset=\"https:\/\/activattitude.fr\/wp-content\/uploads\/2022\/04\/ServiceCochingrelle20220414_blocBesoin-1024x683.jpg 1024w, https:\/\/activattitude.fr\/wp-content\/uploads\/2022\/04\/ServiceCochingrelle20220414_blocBesoin-300x200.jpg 300w, https:\/\/activattitude.fr\/wp-content\/uploads\/2022\/04\/ServiceCochingrelle20220414_blocBesoin-768x512.jpg 768w, https:\/\/activattitude.fr\/wp-content\/uploads\/2022\/04\/ServiceCochingrelle20220414_blocBesoin-1536x1024.jpg 1536w, https:\/\/activattitude.fr\/wp-content\/uploads\/2022\/04\/ServiceCochingrelle20220414_blocBesoin.jpg 1920w\" sizes=\"auto, (max-width: 1024px) 100vw, 1024px\" \/><\/figure>\n<\/div><\/div>\n<\/div>\n\n\n\n<div class=\"wp-block-column is-layout-flow wp-block-column-is-layout-flow\">\n<div class=\"wp-block-group\"><div class=\"wp-block-group__inner-container is-layout-constrained wp-block-group-is-layout-constrained\">\n<h3 class=\"has-text-align-center has-text-color wp-block-heading\" style=\"color:#ffffff\">O\u00f9 se passera le coaching?<\/h3>\n\n\n\n<p class=\"has-drop-cap has-text-align-left has-ast-global-color-5-color has-text-color\" style=\"font-size:15px\">Tout comme \u00e0 votre disponibilit\u00e9, je m\u2019adapterai \u00e0 votre environnement. Il sera possible de faire la s\u00e9ance \u00e0 domicile ou en ext\u00e9rieur, en fonction de vos envies mais surtout des besoins (si vous vous mettez \u00e0 la course \u00e0 pieds, \u00e0 moins que vous ayez une piste d\u2019athl\u00e9tisme sur votre rooftop, il faudra aller en ext\u00e9rieur!).<\/p>\n\n\n\n<hr class=\"wp-block-separator has-css-opacity\"\/>\n\n\n\n<figure class=\"wp-block-image size-large\"><img loading=\"lazy\" decoding=\"async\" width=\"1024\" height=\"683\" src=\"http:\/\/activattitude.fr\/wp-content\/uploads\/2022\/04\/ServiceCochingrelle20220414_blocOu-1024x683.jpg\" alt=\"\" class=\"wp-image-1644\" srcset=\"https:\/\/activattitude.fr\/wp-content\/uploads\/2022\/04\/ServiceCochingrelle20220414_blocOu-1024x683.jpg 1024w, https:\/\/activattitude.fr\/wp-content\/uploads\/2022\/04\/ServiceCochingrelle20220414_blocOu-300x200.jpg 300w, https:\/\/activattitude.fr\/wp-content\/uploads\/2022\/04\/ServiceCochingrelle20220414_blocOu-768x512.jpg 768w, https:\/\/activattitude.fr\/wp-content\/uploads\/2022\/04\/ServiceCochingrelle20220414_blocOu-1536x1024.jpg 1536w, https:\/\/activattitude.fr\/wp-content\/uploads\/2022\/04\/ServiceCochingrelle20220414_blocOu.jpg 1920w\" sizes=\"auto, (max-width: 1024px) 100vw, 1024px\" \/><\/figure>\n<\/div><\/div>\n<\/div>\n<\/div>\n<\/div><\/div>\n\n\n\n<div class=\"wp-block-group alignfull has-background\" style=\"background-color:#171717\"><div class=\"wp-block-group__inner-container is-layout-constrained wp-block-group-is-layout-constrained\">\n<div class=\"wp-block-columns alignwide is-layout-flex wp-container-core-columns-is-layout-9d6595d7 wp-block-columns-is-layout-flex\">\n<div class=\"wp-block-column is-layout-flow wp-block-column-is-layout-flow\">\n<h3 class=\"has-text-align-center has-text-color wp-block-heading\" style=\"color:#ffffff;font-size:27px\">1 heure  <\/h3>\n\n\n\n<p class=\"has-text-align-center has-text-color has-medium-font-size\" style=\"color:#d7d7d7\"><strong>60 \u20ac<\/strong><\/p>\n<\/div>\n\n\n\n<div class=\"wp-block-column is-layout-flow wp-block-column-is-layout-flow\">\n<h3 class=\"has-text-align-center has-text-color wp-block-heading\" style=\"color:#ffffff;font-size:27px\">2 heures <\/h3>\n\n\n\n<p class=\"has-text-align-center has-text-color has-medium-font-size\" style=\"color:#d7d7d7\">110<strong> \u20ac<\/strong><\/p>\n<\/div>\n\n\n\n<div class=\"wp-block-column is-layout-flow wp-block-column-is-layout-flow\">\n<h3 class=\"has-text-align-center has-text-color wp-block-heading\" style=\"color:#ffffff;font-size:27px\">Formule 5 heures  <\/h3>\n\n\n\n<p class=\"has-text-align-center has-text-color has-medium-font-size\" style=\"color:#d7d7d7\"><strong>250  \u20ac<\/strong><\/p>\n<\/div>\n\n\n\n<div class=\"wp-block-column is-layout-flow wp-block-column-is-layout-flow\">\n<h3 class=\"has-text-align-center has-ast-global-color-5-color has-text-color wp-block-heading\" style=\"font-size:27px\"><strong>Formule 15 heures<a href=\"Formule\n15h: 40\u20ac\/h (600\u20ac)\"> <\/a><\/strong><a href=\"Formule\n15h: 40\u20ac\/h (600\u20ac)\"> <\/a><\/h3>\n\n\n\n<p class=\"has-text-align-center has-ast-global-color-6-color has-text-color has-medium-font-size\">600<strong> \u20ac<\/strong><\/p>\n\n\n\n<p><\/p>\n<\/div>\n<\/div>\n<\/div><\/div>\n\n\n\n<p><\/p>\n","protected":false},"excerpt":{"rendered":"<p>Comment \u00e7a marche? Si vous \u00eates d\u00e9j\u00e0 adh\u00e9rent \u00e0 Activ Attitude, vous n\u2019avez qu\u2019\u00e0 vous connecter pour avoir acc\u00e8s \u00e0 l\u2019agenda et voir les disponibilit\u00e9s. Si non, il vous suffira de vous inscrire pour y avoir acc\u00e8s. Une fois la formule s\u00e9lectionn\u00e9e et le paiement effectu\u00e9, votre compte sera cr\u00e9dit\u00e9 de ces heures et vous&hellip; <br \/> <a class=\"button small blue\" href=\"https:\/\/activattitude.fr\/?page_id=1602\">Lire la suite<\/a><\/p>\n","protected":false},"author":1,"featured_media":0,"parent":0,"menu_order":0,"comment_status":"closed","ping_status":"closed","template":"","meta":{"om_disable_all_campaigns":false,"_monsterinsights_skip_tracking":false,"_monsterinsights_sitenote_active":false,"_monsterinsights_sitenote_note":"","_monsterinsights_sitenote_category":0,"footnotes":""},"class_list":["post-1602","page","type-page","status-publish","hentry"],"_links":{"self":[{"href":"https:\/\/activattitude.fr\/index.php?rest_route=\/wp\/v2\/pages\/1602","targetHints":{"allow":["GET"]}}],"collection":[{"href":"https:\/\/activattitude.fr\/index.php?rest_route=\/wp\/v2\/pages"}],"about":[{"href":"https:\/\/activattitude.fr\/index.php?rest_route=\/wp\/v2\/types\/page"}],"author":[{"embeddable":true,"href":"https:\/\/activattitude.fr\/index.php?rest_route=\/wp\/v2\/users\/1"}],"replies":[{"embeddable":true,"href":"https:\/\/activattitude.fr\/index.php?rest_route=%2Fwp%2Fv2%2Fcomments&post=1602"}],"version-history":[{"count":33,"href":"https:\/\/activattitude.fr\/index.php?rest_route=\/wp\/v2\/pages\/1602\/revisions"}],"predecessor-version":[{"id":1814,"href":"https:\/\/activattitude.fr\/index.php?rest_route=\/wp\/v2\/pages\/1602\/revisions\/1814"}],"wp:attachment":[{"href":"https:\/\/activattitude.fr\/index.php?rest_route=%2Fwp%2Fv2%2Fmedia&parent=1602"}],"curies":[{"name":"wp","href":"https:\/\/api.w.org\/{rel}","templated":true}]}}